{"id":4517,"date":"2023-09-24T16:08:26","date_gmt":"2023-09-24T16:08:26","guid":{"rendered":"https:\/\/lesmoires.eu\/?page_id=4517"},"modified":"2024-02-20T19:09:03","modified_gmt":"2024-02-20T19:09:03","slug":"jak-dziala-nfc","status":"publish","type":"page","link":"https:\/\/lesmoires.eu\/index.php\/jak-dziala-nfc\/","title":{"rendered":"Jak dzia\u0142a NFC"},"content":{"rendered":"<div class=\"gb-container gb-container-0b1188a8\">\n\n<h5 class=\"gb-headline gb-headline-280d1d33 gb-headline-text\">Jeste\u015bmy pionierami wykorzystywania chip\u00f3w NFC jako dodatku premium w odzie\u017cy \u201estreetwear\u201d. Po przy\u0142o\u017ceniu urz\u0105dzenia obs\u0142uguj\u0105cego NFC w okolice naramiennika, chip dzi\u0119ki technologii NFC pozwala na dost\u0119p do personalizowanej strony posiadanego egzemplarza. Dzi\u0119ki temu w\u0142a\u015bciciele naszych ubra\u0144 maj\u0105 \u0142atwy dost\u0119p do numeru seryjnego, historii bluzy oraz grafik koncepcyjnych, kt\u00f3re powsta\u0142y podczas projektowania.<\/h5>\n\n\n\n<hr class=\"wp-block-separator has-alpha-channel-opacity\"\/>\n\n\n\n<h5 class=\"gb-headline gb-headline-b0373c9e gb-headline-text\">Nasze chipy s\u0105 umieszczone pod naszywkami brandowymi <em>Les Moires<\/em> znajduj\u0105cymi si\u0119 na lewym ramieniu bluzy. NFC to nic innego jak miedziana antena, kt\u00f3ra pod wp\u0142ywem indukcji jest w stanie przekaza\u0107 informacje zapisane w swojej pami\u0119ci.  Aby poprawnie u\u017cytkowa\u0107 nasz chip, nale\u017cy wpierw w\u0142\u0105czy\u0107 NFC na swoim telefonie i nast\u0119pnie przy\u0142o\u017cy\u0107 urz\u0105dzenie do chipu. W zale\u017cno\u015bci od modelu telefonu, NFC mo\u017ce znajdowa\u0107 si\u0119 w innym miejscu. Poni\u017cej zosta\u0142y umieszczone najcz\u0119stsze lokalizacje anten NFC w telefonach (po lewej stronie w modelach marki <em>Apple<\/em> i po prawej w modelach z <em>Android<\/em>).<\/h5>\n\n\n\n<figure class=\"wp-block-image size-full\"><img loading=\"lazy\" decoding=\"async\" width=\"1920\" height=\"1080\" src=\"https:\/\/lesmoires.eu\/wp-content\/uploads\/2024\/02\/baner_nfc_lesmoires.webp\" alt=\"\" class=\"wp-image-4816\" srcset=\"https:\/\/lesmoires.eu\/wp-content\/uploads\/2024\/02\/baner_nfc_lesmoires.webp 1920w, https:\/\/lesmoires.eu\/wp-content\/uploads\/2024\/02\/baner_nfc_lesmoires-300x169.webp 300w, https:\/\/lesmoires.eu\/wp-content\/uploads\/2024\/02\/baner_nfc_lesmoires-1024x576.webp 1024w, https:\/\/lesmoires.eu\/wp-content\/uploads\/2024\/02\/baner_nfc_lesmoires-768x432.webp 768w, https:\/\/lesmoires.eu\/wp-content\/uploads\/2024\/02\/baner_nfc_lesmoires-1536x864.webp 1536w, https:\/\/lesmoires.eu\/wp-content\/uploads\/2024\/02\/baner_nfc_lesmoires-600x338.webp 600w\" sizes=\"auto, (max-width: 1920px) 100vw, 1920px\" \/><\/figure>\n\n\n\n<hr class=\"wp-block-separator has-alpha-channel-opacity\"\/>\n\n<\/div>\n\n<div class=\"gb-container gb-container-fc63093c\">\n<div class=\"gb-container gb-container-a3e346b1\">\n\n<div class=\"wp-block-group\"><div class=\"wp-block-group__inner-container is-layout-constrained wp-block-group-is-layout-constrained\">\n<figure class=\"wp-block-gallery alignwide has-nested-images columns-default is-cropped wp-block-gallery-1 is-layout-flex wp-block-gallery-is-layout-flex\">\n<figure class=\"wp-block-image size-large\"><img loading=\"lazy\" decoding=\"async\" width=\"638\" height=\"1024\" data-id=\"4679\" src=\"https:\/\/lesmoires.eu\/wp-content\/uploads\/2023\/09\/iphone1-638x1024.png\" alt=\"\" class=\"wp-image-4679\" srcset=\"https:\/\/lesmoires.eu\/wp-content\/uploads\/2023\/09\/iphone1-638x1024.png 638w, https:\/\/lesmoires.eu\/wp-content\/uploads\/2023\/09\/iphone1-187x300.png 187w, https:\/\/lesmoires.eu\/wp-content\/uploads\/2023\/09\/iphone1-768x1233.png 768w, https:\/\/lesmoires.eu\/wp-content\/uploads\/2023\/09\/iphone1-957x1536.png 957w, https:\/\/lesmoires.eu\/wp-content\/uploads\/2023\/09\/iphone1-600x963.png 600w, https:\/\/lesmoires.eu\/wp-content\/uploads\/2023\/09\/iphone1.png 1065w\" sizes=\"auto, (max-width: 638px) 100vw, 638px\" \/><\/figure>\n\n\n\n<figure class=\"wp-block-image size-large\"><img loading=\"lazy\" decoding=\"async\" width=\"814\" height=\"1024\" data-id=\"4680\" src=\"https:\/\/lesmoires.eu\/wp-content\/uploads\/2023\/09\/androdi2-814x1024.png\" alt=\"\" class=\"wp-image-4680\" srcset=\"https:\/\/lesmoires.eu\/wp-content\/uploads\/2023\/09\/androdi2-814x1024.png 814w, https:\/\/lesmoires.eu\/wp-content\/uploads\/2023\/09\/androdi2-238x300.png 238w, https:\/\/lesmoires.eu\/wp-content\/uploads\/2023\/09\/androdi2-768x966.png 768w, https:\/\/lesmoires.eu\/wp-content\/uploads\/2023\/09\/androdi2-600x755.png 600w, https:\/\/lesmoires.eu\/wp-content\/uploads\/2023\/09\/androdi2.png 1065w\" sizes=\"auto, (max-width: 814px) 100vw, 814px\" \/><\/figure>\n<\/figure>\n<\/div><\/div>\n\n<\/div>\n<\/div>","protected":false},"excerpt":{"rendered":"<p>Jeste\u015bmy pionierami wykorzystywania chip\u00f3w NFC jako dodatku premium w odzie\u017cy \u201estreetwear\u201d. Po przy\u0142o\u017ceniu urz\u0105dzenia obs\u0142uguj\u0105cego NFC w okolice naramiennika, chip dzi\u0119ki technologii NFC pozwala na dost\u0119p do personalizowanej strony posiadanego egzemplarza. Dzi\u0119ki temu w\u0142a\u015bciciele naszych ubra\u0144 maj\u0105 \u0142atwy dost\u0119p do numeru seryjnego, historii bluzy oraz grafik koncepcyjnych, kt\u00f3re powsta\u0142y podczas projektowania. Nasze chipy s\u0105 umieszczone &#8230; <a title=\"Jak dzia\u0142a NFC\" class=\"read-more\" href=\"https:\/\/lesmoires.eu\/index.php\/jak-dziala-nfc\/\" aria-label=\"Dowiedz si\u0119 wi\u0119cej o Jak dzia\u0142a NFC\">Dowiedz si\u0119 wi\u0119cej<\/a><\/p>\n","protected":false},"author":1,"featured_media":0,"parent":0,"menu_order":0,"comment_status":"closed","ping_status":"closed","template":"","meta":{"jetpack_post_was_ever_published":false,"footnotes":""},"class_list":["post-4517","page","type-page","status-publish"],"jetpack_sharing_enabled":true,"_links":{"self":[{"href":"https:\/\/lesmoires.eu\/index.php\/wp-json\/wp\/v2\/pages\/4517","targetHints":{"allow":["GET"]}}],"collection":[{"href":"https:\/\/lesmoires.eu\/index.php\/wp-json\/wp\/v2\/pages"}],"about":[{"href":"https:\/\/lesmoires.eu\/index.php\/wp-json\/wp\/v2\/types\/page"}],"author":[{"embeddable":true,"href":"https:\/\/lesmoires.eu\/index.php\/wp-json\/wp\/v2\/users\/1"}],"replies":[{"embeddable":true,"href":"https:\/\/lesmoires.eu\/index.php\/wp-json\/wp\/v2\/comments?post=4517"}],"version-history":[{"count":6,"href":"https:\/\/lesmoires.eu\/index.php\/wp-json\/wp\/v2\/pages\/4517\/revisions"}],"predecessor-version":[{"id":4822,"href":"https:\/\/lesmoires.eu\/index.php\/wp-json\/wp\/v2\/pages\/4517\/revisions\/4822"}],"wp:attachment":[{"href":"https:\/\/lesmoires.eu\/index.php\/wp-json\/wp\/v2\/media?parent=4517"}],"curies":[{"name":"wp","href":"https:\/\/api.w.org\/{rel}","templated":true}]}}